{"id":420,"date":"2023-01-14T23:58:12","date_gmt":"2023-01-14T22:58:12","guid":{"rendered":"https:\/\/zaverecne-prace.ucimesaweby.sk\/palfy\/?page_id=420"},"modified":"2023-09-12T10:35:24","modified_gmt":"2023-09-12T08:35:24","slug":"rozvrhy","status":"publish","type":"page","link":"https:\/\/kmkd.fhv.uniza.sk\/?page_id=420","title":{"rendered":"Rozvrhy"},"content":{"rendered":"<section class=\"l-section wpb_row height_auto width_full\"><div class=\"l-section-h i-cf\"><div class=\"g-cols vc_row via_grid cols_1 laptops-cols_inherit tablets-cols_inherit mobiles-cols_1 valign_top type_default stacking_default\"><div class=\"wpb_column vc_column_container\"><div class=\"vc_column-inner\"><section class=\"l-section wpb_row us_custom_d9f2040e height_medium width_full\"><div class=\"l-section-overlay\" style=\"background:rgba(0,0,0,0.25)\"><\/div><div class=\"l-section-h i-cf\"><div class=\"g-cols vc_row via_grid cols_1 laptops-cols_inherit tablets-cols_inherit mobiles-cols_1 valign_top type_default stacking_default\"><div class=\"wpb_column vc_column_container\"><div class=\"vc_column-inner\"><div class=\"w-separator size_small\"><\/div><h1 class=\"w-post-elm post_title us_custom_6df4bc3a has_text_color align_center entry-title color_link_inherit\">Rozvrhy<\/h1><div class=\"w-separator size_small\"><\/div><\/div><\/div><\/div><\/div><\/section>\n<\/div><\/div><\/div><\/div><\/section><section class=\"l-section wpb_row height_medium\"><div class=\"l-section-h i-cf\"><div class=\"g-cols vc_row via_grid cols_1 laptops-cols_inherit tablets-cols_inherit mobiles-cols_1 valign_top type_default stacking_default\"><div class=\"wpb_column vc_column_container\"><div class=\"vc_column-inner\"><div class=\"g-cols wpb_row via_grid cols_2 laptops-cols_inherit tablets-cols_inherit mobiles-cols_1 valign_top type_default stacking_default\"><div class=\"wpb_column vc_column_container type_sticky\"><div class=\"vc_column-inner\"><h2 class=\"w-text\"><span url class=\"w-text-h\"><span class=\"w-text-value\">Praktick\u00e9 inform\u00e1cie<\/span><\/span><\/h2><div class=\"w-separator size_small\"><\/div><div class=\"wpb_text_column\"><div class=\"wpb_wrapper\"><p>Na FHV UNIZA s\u00fa \u0161tudenti rozdelen\u00ed na\u00a0<strong>\u0161tudijn\u00e9 skupiny<\/strong>\u00a0a rozvrh hod\u00edn je zostaven\u00fd pre ka\u017ed\u00fa \u0161tudijn\u00fa skupinu. Preto je d\u00f4le\u017eit\u00e9, aby si \u0161tudent poznamenal \u010d\u00edslo \u0161tudijnej skupiny (<strong>\u0161es\u0165miestny k\u00f3d zlo\u017een\u00fd z \u010d\u00edsel a p\u00edsmena Z<\/strong>). Vyu\u010dovacie hodiny s\u00fa 50-min\u00fatov\u00e9 a nasleduje 10-min\u00fatov\u00e1 prest\u00e1vka.<\/p>\n<p><strong>Predn\u00e1\u0161ky, semin\u00e1re a cvi\u010denia<\/strong>\u00a0s\u00fa zaraden\u00e9 spravidla 2 i viac hod\u00edn za sebou a vyu\u010duj\u00faci m\u00f4\u017eu tieto hodiny pod\u013ea potreby spoji\u0165.<\/p>\n<p>U\u010debne na UNIZA s\u00fa\u00a0<strong>ozna\u010dovan\u00e9 pod\u013ea budov<\/strong>, v ktor\u00fdch sa nach\u00e1dzaj\u00fa (napr. AC, AF, AS, BE \u2013 pozri\u00a0<a href=\"https:\/\/www.uniza.sk\/images\/pdf\/MAPA\/06092022_mapa11_bez_znaciek.pdf\" target=\"_blank\" rel=\"noopener\">mapu are\u00e1lu<\/a>). Ozna\u010denie miestnosti<strong>\u00a0reprezentuje 5-znakov\u00fd re\u0165azec<\/strong>\u00a0v tvare XXYZZ s v\u00fdznamom:<br \/>XX \u2013 ozna\u010denie budovy<br \/>Y &#8211; poschodie (\u010d\u00edslo poschodia 0-9, S suter\u00e9n)<br \/>ZZ \u2013 poradov\u00e9 \u010d\u00edslo miestnosti (01 a\u017e 99)<\/p>\n<\/div><\/div><\/div><\/div><div class=\"wpb_column vc_column_container\"><div class=\"vc_column-inner\"><h6 class=\"w-text\"><span url class=\"w-text-h\"><span class=\"w-text-value\">Za\u010diatky a konce vyu\u010dovac\u00edch hod\u00edn:<\/span><\/span><\/h6><div class=\"w-separator size_small\"><\/div><div class=\"wpb_text_column\"><div class=\"wpb_wrapper\">\n<table id=\"tablepress-1\" class=\"tablepress tablepress-id-1\">\n<tbody>\n<tr class=\"row-1 odd\">\n\t<td class=\"column-1\">1. hodina<\/td><td class=\"column-2\">7:00 - 7:50<\/td>\n<\/tr>\n<tr class=\"row-2 even\">\n\t<td class=\"column-1\">2. hodina<\/td><td class=\"column-2\">8:00 - 8:50<\/td>\n<\/tr>\n<tr class=\"row-3 odd\">\n\t<td class=\"column-1\">3. hodina<\/td><td class=\"column-2\">9:00 - 9:50<\/td>\n<\/tr>\n<tr class=\"row-4 even\">\n\t<td class=\"column-1\">4. hodina<\/td><td class=\"column-2\">10:00 - 10:50<\/td>\n<\/tr>\n<tr class=\"row-5 odd\">\n\t<td class=\"column-1\">5. hodina<\/td><td class=\"column-2\">11:00 - 11:50<\/td>\n<\/tr>\n<tr class=\"row-6 even\">\n\t<td class=\"column-1\">6. hodina<\/td><td class=\"column-2\">12:00 - 12:50<\/td>\n<\/tr>\n<tr class=\"row-7 odd\">\n\t<td class=\"column-1\">7. hodina<\/td><td class=\"column-2\">13:00 - 13:50<\/td>\n<\/tr>\n<tr class=\"row-8 even\">\n\t<td class=\"column-1\">8. hodina<\/td><td class=\"column-2\">14:00 - 14:50<\/td>\n<\/tr>\n<tr class=\"row-9 odd\">\n\t<td class=\"column-1\">9. hodina<\/td><td class=\"column-2\">15:00 - 15:50<\/td>\n<\/tr>\n<tr class=\"row-10 even\">\n\t<td class=\"column-1\">10. hodina<\/td><td class=\"column-2\">16:00 - 16:50<\/td>\n<\/tr>\n<tr class=\"row-11 odd\">\n\t<td class=\"column-1\">11. hodina<\/td><td class=\"column-2\">17:00 - 17:50<\/td>\n<\/tr>\n<tr class=\"row-12 even\">\n\t<td class=\"column-1\">12. hodina<\/td><td class=\"column-2\">18:00 - 18:50<\/td>\n<\/tr>\n<tr class=\"row-13 odd\">\n\t<td class=\"column-1\">13. hodina<\/td><td class=\"column-2\">19:00 - 19:50<\/td>\n<\/tr>\n<\/tbody>\n<\/table>\n<!-- #tablepress-1 from cache -->\n<\/div><\/div><\/div><\/div><\/div><\/div><\/div><\/div><\/div><\/section>\n","protected":false},"excerpt":{"rendered":"Rozvrhy Praktick\u00e9 inform\u00e1cieNa FHV UNIZA s\u00fa \u0161tudenti rozdelen\u00ed na\u00a0\u0161tudijn\u00e9 skupiny\u00a0a rozvrh hod\u00edn je zostaven\u00fd pre ka\u017ed\u00fa \u0161tudijn\u00fa skupinu. Preto je d\u00f4le\u017eit\u00e9, aby si \u0161tudent poznamenal \u010d\u00edslo \u0161tudijnej skupiny (\u0161es\u0165miestny k\u00f3d...","protected":false},"author":2,"featured_media":103,"parent":0,"menu_order":0,"comment_status":"closed","ping_status":"closed","template":"","meta":{"footnotes":""},"class_list":["post-420","page","type-page","status-publish","has-post-thumbnail","hentry"],"acf":[],"_links":{"self":[{"href":"https:\/\/kmkd.fhv.uniza.sk\/index.php?rest_route=\/wp\/v2\/pages\/420","targetHints":{"allow":["GET"]}}],"collection":[{"href":"https:\/\/kmkd.fhv.uniza.sk\/index.php?rest_route=\/wp\/v2\/pages"}],"about":[{"href":"https:\/\/kmkd.fhv.uniza.sk\/index.php?rest_route=\/wp\/v2\/types\/page"}],"author":[{"embeddable":true,"href":"https:\/\/kmkd.fhv.uniza.sk\/index.php?rest_route=\/wp\/v2\/users\/2"}],"replies":[{"embeddable":true,"href":"https:\/\/kmkd.fhv.uniza.sk\/index.php?rest_route=%2Fwp%2Fv2%2Fcomments&post=420"}],"version-history":[{"count":8,"href":"https:\/\/kmkd.fhv.uniza.sk\/index.php?rest_route=\/wp\/v2\/pages\/420\/revisions"}],"predecessor-version":[{"id":2391,"href":"https:\/\/kmkd.fhv.uniza.sk\/index.php?rest_route=\/wp\/v2\/pages\/420\/revisions\/2391"}],"wp:featuredmedia":[{"embeddable":true,"href":"https:\/\/kmkd.fhv.uniza.sk\/index.php?rest_route=\/wp\/v2\/media\/103"}],"wp:attachment":[{"href":"https:\/\/kmkd.fhv.uniza.sk\/index.php?rest_route=%2Fwp%2Fv2%2Fmedia&parent=420"}],"curies":[{"name":"wp","href":"https:\/\/api.w.org\/{rel}","templated":true}]}}