{"id":625,"date":"2023-02-07T23:27:01","date_gmt":"2023-02-07T22:27:01","guid":{"rendered":"https:\/\/zaverecne-prace.ucimesaweby.sk\/palfy\/?page_id=625"},"modified":"2023-09-12T10:51:29","modified_gmt":"2023-09-12T08:51:29","slug":"zabezpecovane-predmety","status":"publish","type":"page","link":"https:\/\/kmkd.fhv.uniza.sk\/?page_id=625","title":{"rendered":"Zabezpe\u010dovan\u00e9 predmety"},"content":{"rendered":"<section class=\"l-section wpb_row height_auto width_full\"><div class=\"l-section-h i-cf\"><div class=\"g-cols vc_row via_grid cols_1 laptops-cols_inherit tablets-cols_inherit mobiles-cols_1 valign_top type_default stacking_default\"><div class=\"wpb_column vc_column_container\"><div class=\"vc_column-inner\"><section class=\"l-section wpb_row us_custom_d9f2040e height_medium width_full\"><div class=\"l-section-overlay\" style=\"background:rgba(0,0,0,0.25)\"><\/div><div class=\"l-section-h i-cf\"><div class=\"g-cols vc_row via_grid cols_1 laptops-cols_inherit tablets-cols_inherit mobiles-cols_1 valign_top type_default stacking_default\"><div class=\"wpb_column vc_column_container\"><div class=\"vc_column-inner\"><div class=\"w-separator size_small\"><\/div><h1 class=\"w-post-elm post_title us_custom_6df4bc3a has_text_color align_center entry-title color_link_inherit\">Zabezpe\u010dovan\u00e9 predmety<\/h1><div class=\"w-separator size_small\"><\/div><\/div><\/div><\/div><\/div><\/section>\n<\/div><\/div><\/div><\/div><\/section><section class=\"l-section wpb_row height_medium\"><div class=\"l-section-h i-cf\"><div class=\"g-cols vc_row via_grid cols_1 laptops-cols_inherit tablets-cols_inherit mobiles-cols_1 valign_top type_default stacking_default\"><div class=\"wpb_column vc_column_container\"><div class=\"vc_column-inner\"><div class=\"g-cols wpb_row via_grid cols_1 laptops-cols_inherit tablets-cols_inherit mobiles-cols_1 valign_middle type_default stacking_default\"><div class=\"wpb_column vc_column_container\"><div class=\"vc_column-inner\"><div class=\"w-tabs layout_hor style_trendy switch_click has_scrolling\" style=\"--sections-title-size:1em\"><div class=\"w-tabs-list items_3 align_center\"><div class=\"w-tabs-list-h\"><button class=\"w-tabs-item active\" aria-controls=\"content-he79\" aria-expanded=\"false\"><span class=\"w-tabs-item-title\">Predmety bakal\u00e1rskeho \u0161t\u00fadia<\/span><\/button><button class=\"w-tabs-item\" aria-controls=\"content-q276\" aria-expanded=\"false\"><span class=\"w-tabs-item-title\">Predmety magistersk\u00e9ho \u0161t\u00fadia<\/span><\/button><button class=\"w-tabs-item\" aria-controls=\"content-oa26\" aria-expanded=\"false\"><span class=\"w-tabs-item-title\">Predmety doktorandsk\u00e9ho \u0161t\u00fadia<\/span><\/button><\/div><\/div><div class=\"w-tabs-sections titles-align_none icon_chevron cpos_right\"><div class=\"w-tabs-section active\" id=\"he79\"><button class=\"w-tabs-section-header active\" aria-controls=\"content-he79\" aria-expanded=\"true\"><div class=\"w-tabs-section-title\">Predmety bakal\u00e1rskeho \u0161t\u00fadia<\/div><div class=\"w-tabs-section-control\"><\/div><\/button><div  class=\"w-tabs-section-content\" id=\"content-he79\"><div class=\"w-tabs-section-content-h i-cf\"><h2 class=\"w-text us_custom_eb849559\"><span url class=\"w-text-h\"><span class=\"w-text-value\">Predmety bakal\u00e1rskeho \u0161t\u00fadia<\/span><\/span><\/h2><div class=\"w-separator size_small\"><\/div><div class=\"wpb_text_column\"><div class=\"wpb_wrapper\"><p style=\"text-align: center;\">Jednotliv\u00e9 predmety n\u00e1jdete aj na port\u00e1ly\u00a0<a href=\"https:\/\/vzdelavanie.uniza.sk\/vzdelavanie\/plany.php\" target=\"_blank\" rel=\"noopener noreferrer\">vzdelavanie.uniza.sk<\/a>, kde okrem in\u00e9\u00edho n\u00e1jdete aj infoma\u010dn\u00e9 listy k jendotliv\u00fdm predmetom.<\/p>\n<\/div><\/div><div class=\"w-separator size_medium\"><\/div><div class=\"w-image align_center\"><div url class=\"w-image-h\"><img decoding=\"async\" width=\"1265\" height=\"2051\" src=\"https:\/\/kmkd.fhv.uniza.sk\/wp-content\/uploads\/2023\/02\/bc_predmety2.jpg\" class=\"attachment-full size-full\" alt=\"\" srcset=\"https:\/\/kmkd.fhv.uniza.sk\/wp-content\/uploads\/2023\/02\/bc_predmety2.jpg 1265w, https:\/\/kmkd.fhv.uniza.sk\/wp-content\/uploads\/2023\/02\/bc_predmety2-185x300.jpg 185w, https:\/\/kmkd.fhv.uniza.sk\/wp-content\/uploads\/2023\/02\/bc_predmety2-632x1024.jpg 632w\" sizes=\"(max-width: 1265px) 100vw, 1265px\" \/><\/div><\/div><\/div><\/div><\/div><div class=\"w-tabs-section\" id=\"q276\"><button class=\"w-tabs-section-header\" aria-controls=\"content-q276\" aria-expanded=\"false\"><div class=\"w-tabs-section-title\">Predmety magistersk\u00e9ho \u0161t\u00fadia<\/div><div class=\"w-tabs-section-control\"><\/div><\/button><div  class=\"w-tabs-section-content\" id=\"content-q276\"><div class=\"w-tabs-section-content-h i-cf\"><h2 class=\"w-text us_custom_eb849559\"><span url class=\"w-text-h\"><span class=\"w-text-value\">Predmety magistersk\u00e9ho \u0161t\u00fadia<\/span><\/span><\/h2><div class=\"w-separator size_small\"><\/div><div class=\"wpb_text_column\"><div class=\"wpb_wrapper\"><p style=\"text-align: center;\">Jednotliv\u00e9 predmety n\u00e1jdete aj na port\u00e1ly\u00a0<a href=\"https:\/\/vzdelavanie.uniza.sk\/vzdelavanie\/plany.php\" target=\"_blank\" rel=\"noopener noreferrer\">vzdelavanie.uniza.sk<\/a>, kde okrem in\u00e9\u00edho n\u00e1jdete aj infoma\u010dn\u00e9 listy k jendotliv\u00fdm predmetom.<\/p>\n<\/div><\/div><div class=\"w-separator size_medium\"><\/div><div class=\"w-image align_center\"><div url class=\"w-image-h\"><img decoding=\"async\" width=\"1283\" height=\"1315\" src=\"https:\/\/kmkd.fhv.uniza.sk\/wp-content\/uploads\/2023\/02\/mgr_predmety2.jpg\" class=\"attachment-full size-full\" alt=\"\" srcset=\"https:\/\/kmkd.fhv.uniza.sk\/wp-content\/uploads\/2023\/02\/mgr_predmety2.jpg 1283w, https:\/\/kmkd.fhv.uniza.sk\/wp-content\/uploads\/2023\/02\/mgr_predmety2-293x300.jpg 293w, https:\/\/kmkd.fhv.uniza.sk\/wp-content\/uploads\/2023\/02\/mgr_predmety2-999x1024.jpg 999w\" sizes=\"(max-width: 1283px) 100vw, 1283px\" \/><\/div><\/div><\/div><\/div><\/div><div class=\"w-tabs-section\" id=\"oa26\"><button class=\"w-tabs-section-header\" aria-controls=\"content-oa26\" aria-expanded=\"false\"><div class=\"w-tabs-section-title\">Predmety doktorandsk\u00e9ho \u0161t\u00fadia<\/div><div class=\"w-tabs-section-control\"><\/div><\/button><div  class=\"w-tabs-section-content\" id=\"content-oa26\"><div class=\"w-tabs-section-content-h i-cf\"><h2 class=\"w-text us_custom_eb849559\"><span url class=\"w-text-h\"><span class=\"w-text-value\">Predmety doktorandsk\u00e9ho \u0161t\u00fadia<\/span><\/span><\/h2><div class=\"w-separator size_small\"><\/div><div class=\"wpb_text_column\"><div class=\"wpb_wrapper\"><p style=\"text-align: center;\">Jednotliv\u00e9 predmety n\u00e1jdete aj na port\u00e1ly\u00a0<a href=\"https:\/\/vzdelavanie.uniza.sk\/vzdelavanie\/plany.php\" target=\"_blank\" rel=\"noopener noreferrer\">vzdelavanie.uniza.sk<\/a>, kde okrem in\u00e9\u00edho n\u00e1jdete aj infoma\u010dn\u00e9 listy k jendotliv\u00fdm predmetom.<\/p>\n<\/div><\/div><div class=\"w-separator size_medium\"><\/div><div class=\"w-image align_center\"><div url class=\"w-image-h\"><img decoding=\"async\" width=\"1501\" height=\"1642\" src=\"https:\/\/kmkd.fhv.uniza.sk\/wp-content\/uploads\/2023\/02\/phd_studium_predmety.png\" class=\"attachment-full size-full\" alt=\"\" srcset=\"https:\/\/kmkd.fhv.uniza.sk\/wp-content\/uploads\/2023\/02\/phd_studium_predmety.png 1501w, https:\/\/kmkd.fhv.uniza.sk\/wp-content\/uploads\/2023\/02\/phd_studium_predmety-274x300.png 274w, https:\/\/kmkd.fhv.uniza.sk\/wp-content\/uploads\/2023\/02\/phd_studium_predmety-936x1024.png 936w\" sizes=\"(max-width: 1501px) 100vw, 1501px\" \/><\/div><\/div><\/div><\/div><\/div><\/div><\/div><\/div><\/div><\/div><\/div><\/div><\/div><\/div><\/section><section class=\"l-section wpb_row height_medium\"><div class=\"l-section-h i-cf\"><div class=\"g-cols vc_row via_grid cols_1 laptops-cols_inherit tablets-cols_inherit mobiles-cols_1 valign_top type_default stacking_default\"><div class=\"wpb_column vc_column_container\"><div class=\"vc_column-inner\"><h2 class=\"w-text us_custom_eb849559\"><span url class=\"w-text-h\"><span class=\"w-text-value\">Organiz\u00e1cia \u0161t\u00fadia<\/span><\/span><\/h2><div class=\"w-separator size_medium\"><\/div><div class=\"g-cols wpb_row via_grid cols_4 laptops-cols_2 tablets-cols_2 mobiles-cols_1 valign_top type_default\" style=\"grid-gap:1.5rem;\"><div class=\"wpb_column vc_column_container has-link\"><div class=\"vc_column-inner\"><div class=\"w-iconbox us_custom_13427bc9 iconpos_top style_circle color_primary align_center no_text\"><div class=\"w-iconbox-icon\" style=\"font-size:1.8rem;\"><i class=\"far fa-calendar-alt\"><\/i><\/div><div class=\"w-iconbox-meta\"><h5 class=\"w-iconbox-title\">Harmonogram akademick\u00e9ho roka<\/h5><\/div><\/div><\/div><a href=\"\/wp-content\/uploads\/2023\/02\/akad_kalendar_2223.pdf\" class=\"vc_column-link smooth-scroll\" aria-label=\"Odkaz\"><\/a><\/div><div class=\"wpb_column vc_column_container has-link\"><div class=\"vc_column-inner\"><div class=\"w-iconbox us_custom_13427bc9 iconpos_top style_circle color_primary align_center no_text\"><a href=\"https:\/\/kmkd.fhv.uniza.sk\/?page_id=533\" class=\"w-iconbox-link\" aria-label=\"\u0160tudijn\u00ed poradcovia\"><div class=\"w-iconbox-icon\" style=\"font-size:1.8rem;\"><i class=\"far fa-users\"><\/i><\/div><\/a><div class=\"w-iconbox-meta\"><a href=\"https:\/\/kmkd.fhv.uniza.sk\/?page_id=533\" class=\"w-iconbox-link\" aria-label=\"\u0160tudijn\u00ed poradcovia\"><h5 class=\"w-iconbox-title\">\u0160tudijn\u00ed poradcovia<\/h5><\/a><\/div><\/div><\/div><a href=\"https:\/\/kmkd.fhv.uniza.sk\/?page_id=533\" class=\"vc_column-link smooth-scroll\" aria-label=\"Odkaz\"><\/a><\/div><div class=\"wpb_column vc_column_container has-link\"><div class=\"vc_column-inner\"><div class=\"w-iconbox us_custom_13427bc9 iconpos_top style_circle color_primary align_center no_text\"><div class=\"w-iconbox-icon\" style=\"font-size:1.8rem;\"><i class=\"far fa-money-bill-alt\"><\/i><\/div><div class=\"w-iconbox-meta\"><h5 class=\"w-iconbox-title\">Inform\u00e1cie o \u0161tipendi\u00e1ch<\/h5><\/div><\/div><\/div><a href=\"http:\/\/www.uniza.sk\/index.php\/studenti\/vseobecne-informacie\/stipendia\" class=\"vc_column-link smooth-scroll\" aria-label=\"Odkaz\" target=\"_blank\" rel=\"noopener\"><\/a><\/div><\/div><\/div><\/div><\/div><\/div><\/section>\n","protected":false},"excerpt":{"rendered":"Zabezpe\u010dovan\u00e9 predmety Predmety bakal\u00e1rskeho \u0161t\u00fadiaPredmety magistersk\u00e9ho \u0161t\u00fadiaPredmety doktorandsk\u00e9ho \u0161t\u00fadiaPredmety bakal\u00e1rskeho \u0161t\u00fadiaPredmety bakal\u00e1rskeho \u0161t\u00fadiaJednotliv\u00e9 predmety n\u00e1jdete aj na port\u00e1ly\u00a0vzdelavanie.uniza.sk, kde okrem in\u00e9\u00edho n\u00e1jdete aj infoma\u010dn\u00e9 listy k jendotliv\u00fdm predmetom. Predmety magistersk\u00e9ho...","protected":false},"author":2,"featured_media":0,"parent":0,"menu_order":0,"comment_status":"closed","ping_status":"closed","template":"","meta":{"footnotes":""},"class_list":["post-625","page","type-page","status-publish","hentry"],"acf":[],"_links":{"self":[{"href":"https:\/\/kmkd.fhv.uniza.sk\/index.php?rest_route=\/wp\/v2\/pages\/625","targetHints":{"allow":["GET"]}}],"collection":[{"href":"https:\/\/kmkd.fhv.uniza.sk\/index.php?rest_route=\/wp\/v2\/pages"}],"about":[{"href":"https:\/\/kmkd.fhv.uniza.sk\/index.php?rest_route=\/wp\/v2\/types\/page"}],"author":[{"embeddable":true,"href":"https:\/\/kmkd.fhv.uniza.sk\/index.php?rest_route=\/wp\/v2\/users\/2"}],"replies":[{"embeddable":true,"href":"https:\/\/kmkd.fhv.uniza.sk\/index.php?rest_route=%2Fwp%2Fv2%2Fcomments&post=625"}],"version-history":[{"count":16,"href":"https:\/\/kmkd.fhv.uniza.sk\/index.php?rest_route=\/wp\/v2\/pages\/625\/revisions"}],"predecessor-version":[{"id":2397,"href":"https:\/\/kmkd.fhv.uniza.sk\/index.php?rest_route=\/wp\/v2\/pages\/625\/revisions\/2397"}],"wp:attachment":[{"href":"https:\/\/kmkd.fhv.uniza.sk\/index.php?rest_route=%2Fwp%2Fv2%2Fmedia&parent=625"}],"curies":[{"name":"wp","href":"https:\/\/api.w.org\/{rel}","templated":true}]}}