{"id":687,"date":"2023-02-09T22:37:22","date_gmt":"2023-02-09T21:37:22","guid":{"rendered":"https:\/\/zaverecne-prace.ucimesaweby.sk\/palfy\/?page_id=687"},"modified":"2023-08-27T23:35:40","modified_gmt":"2023-08-27T21:35:40","slug":"riesene-projekty-na-katedre","status":"publish","type":"page","link":"https:\/\/kmkd.fhv.uniza.sk\/?page_id=687","title":{"rendered":"Rie\u0161en\u00e9 projekty na katedre"},"content":{"rendered":"<section class=\"l-section wpb_row height_auto width_full\"><div class=\"l-section-h i-cf\"><div class=\"g-cols vc_row via_grid cols_1 laptops-cols_inherit tablets-cols_inherit mobiles-cols_1 valign_top type_default stacking_default\"><div class=\"wpb_column vc_column_container\"><div class=\"vc_column-inner\"><section class=\"l-section wpb_row us_custom_d9f2040e height_medium width_full\"><div class=\"l-section-overlay\" style=\"background:rgba(0,0,0,0.25)\"><\/div><div class=\"l-section-h i-cf\"><div class=\"g-cols vc_row via_grid cols_1 laptops-cols_inherit tablets-cols_inherit mobiles-cols_1 valign_top type_default stacking_default\"><div class=\"wpb_column vc_column_container\"><div class=\"vc_column-inner\"><div class=\"w-separator size_small\"><\/div><h1 class=\"w-post-elm post_title us_custom_6df4bc3a has_text_color align_center entry-title color_link_inherit\">Rie\u0161en\u00e9 projekty na katedre<\/h1><div class=\"w-separator size_small\"><\/div><\/div><\/div><\/div><\/div><\/section>\n<\/div><\/div><\/div><\/div><\/section><section class=\"l-section wpb_row height_medium\"><div class=\"l-section-h i-cf\"><div class=\"g-cols vc_row via_grid cols_1 laptops-cols_inherit tablets-cols_2 mobiles-cols_1 valign_top type_default stacking_default\" style=\"grid-gap:30px;\"><div class=\"wpb_column vc_column_container\"><div class=\"vc_column-inner\"><h2 class=\"w-text us_custom_eb849559\"><span url class=\"w-text-h\"><span class=\"w-text-value\">Zoznam projektov rie\u0161en\u00fdch na katedre<\/span><\/span><\/h2><div class=\"w-separator size_medium\"><\/div><div class=\"g-cols wpb_row via_grid cols_3 laptops-cols_inherit tablets-cols_inherit mobiles-cols_1 valign_top type_default stacking_default\" style=\"grid-gap:calc(3rem + 1rem);\"><div class=\"wpb_column vc_column_container us_custom_1e2cce26\"><div class=\"vc_column-inner\"><div class=\"w-text us_custom_f81a1754 has_text_color\"><span url class=\"w-text-h\"><span class=\"w-text-value\">Rok 2018<\/span><\/span><\/div><div class=\"wpb_text_column\"><div class=\"wpb_wrapper\"><h3>Preh\u013ead projektov KMKD 2018<\/h3>\n<\/div><\/div><div class=\"w-separator size_small\"><\/div><div class=\"w-btn-wrapper align_none\"><a class=\"w-btn us-btn-style_1\" href=\"\/wp-content\/uploads\/2023\/02\/Prehlad-projektov-KMKD_2018.pdf\"><span class=\"w-btn-label\">Zobrazi\u0165 projekty<\/span><\/a><\/div><\/div><\/div><div class=\"wpb_column vc_column_container us_custom_1e2cce26\"><div class=\"vc_column-inner\"><div class=\"w-text us_custom_f81a1754 has_text_color\"><span url class=\"w-text-h\"><span class=\"w-text-value\">Rok 2017<\/span><\/span><\/div><div class=\"wpb_text_column\"><div class=\"wpb_wrapper\"><h3>Preh\u013ead projektov KMKD 2017<\/h3>\n<\/div><\/div><div class=\"w-separator size_small\"><\/div><div class=\"w-btn-wrapper align_none\"><a class=\"w-btn us-btn-style_1\" href=\"\/wp-content\/uploads\/2023\/02\/Prehlad-projektov-KMKD_2017.pdf\"><span class=\"w-btn-label\">Zobrazi\u0165 projekty<\/span><\/a><\/div><\/div><\/div><div class=\"wpb_column vc_column_container us_custom_1e2cce26\"><div class=\"vc_column-inner\"><div class=\"w-text us_custom_f81a1754 has_text_color\"><span url class=\"w-text-h\"><span class=\"w-text-value\">Rok 2016 a star\u0161ie<\/span><\/span><\/div><div class=\"wpb_text_column\"><div class=\"wpb_wrapper\"><h3>Preh\u013ead projektov KMKD 2016 a star\u0161ie<\/h3>\n<\/div><\/div><div class=\"w-separator size_small\"><\/div><div class=\"w-btn-wrapper align_none\"><a class=\"w-btn us-btn-style_1\" href=\"\/wp-content\/uploads\/2023\/02\/Prehlad-projektov-KMKD_2016_a_starsie.pdf\"><span class=\"w-btn-label\">Zobrazi\u0165 projekty<\/span><\/a><\/div><\/div><\/div><\/div><div class=\"w-separator size_medium\"><\/div><div class=\"wpb_text_column us_custom_59a3f9de has_text_color\"><div class=\"wpb_wrapper\"><p><i class=\"fas fa-key\"><\/i> <a style=\"color: #999999;\" href=\"https:\/\/vav.uniza.sk\/vevysun.php\" target=\"_blank\" rel=\"noopener\">Pr\u00edstup do informa\u010dn\u00e9ho syst\u00e9mu pre vedu a v\u00fdskum UNIZA<\/a><\/p>\n<\/div><\/div><\/div><\/div><\/div><\/div><\/section>\n","protected":false},"excerpt":{"rendered":"Rie\u0161en\u00e9 projekty na katedre Zoznam projektov rie\u0161en\u00fdch na katedreRok 2018Preh\u013ead projektov KMKD 2018 Zobrazi\u0165 projektyRok 2017Preh\u013ead projektov KMKD 2017 Zobrazi\u0165 projektyRok 2016 a star\u0161iePreh\u013ead projektov KMKD 2016 a star\u0161ie Zobrazi\u0165...","protected":false},"author":2,"featured_media":0,"parent":0,"menu_order":0,"comment_status":"closed","ping_status":"closed","template":"","meta":{"footnotes":""},"class_list":["post-687","page","type-page","status-publish","hentry"],"acf":[],"_links":{"self":[{"href":"https:\/\/kmkd.fhv.uniza.sk\/index.php?rest_route=\/wp\/v2\/pages\/687","targetHints":{"allow":["GET"]}}],"collection":[{"href":"https:\/\/kmkd.fhv.uniza.sk\/index.php?rest_route=\/wp\/v2\/pages"}],"about":[{"href":"https:\/\/kmkd.fhv.uniza.sk\/index.php?rest_route=\/wp\/v2\/types\/page"}],"author":[{"embeddable":true,"href":"https:\/\/kmkd.fhv.uniza.sk\/index.php?rest_route=\/wp\/v2\/users\/2"}],"replies":[{"embeddable":true,"href":"https:\/\/kmkd.fhv.uniza.sk\/index.php?rest_route=%2Fwp%2Fv2%2Fcomments&post=687"}],"version-history":[{"count":7,"href":"https:\/\/kmkd.fhv.uniza.sk\/index.php?rest_route=\/wp\/v2\/pages\/687\/revisions"}],"predecessor-version":[{"id":2331,"href":"https:\/\/kmkd.fhv.uniza.sk\/index.php?rest_route=\/wp\/v2\/pages\/687\/revisions\/2331"}],"wp:attachment":[{"href":"https:\/\/kmkd.fhv.uniza.sk\/index.php?rest_route=%2Fwp%2Fv2%2Fmedia&parent=687"}],"curies":[{"name":"wp","href":"https:\/\/api.w.org\/{rel}","templated":true}]}}