{"id":833,"date":"2023-02-13T22:39:34","date_gmt":"2023-02-13T21:39:34","guid":{"rendered":"https:\/\/zaverecne-prace.ucimesaweby.sk\/palfy\/?page_id=833"},"modified":"2023-09-12T10:58:14","modified_gmt":"2023-09-12T08:58:14","slug":"rigorozne-studium","status":"publish","type":"page","link":"https:\/\/kmkd.fhv.uniza.sk\/?page_id=833","title":{"rendered":"Rigor\u00f3zne \u0161t\u00fadium"},"content":{"rendered":"<section class=\"l-section wpb_row height_auto width_full\"><div class=\"l-section-h i-cf\"><div class=\"g-cols vc_row via_grid cols_1 laptops-cols_inherit tablets-cols_inherit mobiles-cols_1 valign_top type_default stacking_default\"><div class=\"wpb_column vc_column_container\"><div class=\"vc_column-inner\"><section class=\"l-section wpb_row us_custom_d9f2040e height_medium width_full\"><div class=\"l-section-overlay\" style=\"background:rgba(0,0,0,0.25)\"><\/div><div class=\"l-section-h i-cf\"><div class=\"g-cols vc_row via_grid cols_1 laptops-cols_inherit tablets-cols_inherit mobiles-cols_1 valign_top type_default stacking_default\"><div class=\"wpb_column vc_column_container\"><div class=\"vc_column-inner\"><div class=\"w-separator size_small\"><\/div><h1 class=\"w-post-elm post_title us_custom_6df4bc3a has_text_color align_center entry-title color_link_inherit\">Rigor\u00f3zne \u0161t\u00fadium<\/h1><div class=\"w-separator size_small\"><\/div><\/div><\/div><\/div><\/div><\/section>\n<\/div><\/div><\/div><\/div><\/section><section class=\"l-section wpb_row height_medium\"><div class=\"l-section-h i-cf\"><div class=\"g-cols vc_row via_grid cols_1 laptops-cols_inherit tablets-cols_2 mobiles-cols_1 valign_top type_default stacking_default\" style=\"grid-gap:30px;\"><div class=\"wpb_column vc_column_container\"><div class=\"vc_column-inner\"><div class=\"g-cols wpb_row via_grid cols_2-1 laptops-cols_inherit tablets-cols_inherit mobiles-cols_1 valign_middle type_default stacking_default\"><div class=\"wpb_column vc_column_container\"><div class=\"vc_column-inner\"><div class=\"wpb_text_column\"><div class=\"wpb_wrapper\"><p>Absolvent \u0161tudijn\u00e9ho programu\u00a0<strong>mediamatika a kult\u00farne dedi\u010dstvo<\/strong>\u00a0a absolvent vysoko\u0161kolsk\u00e9ho \u0161t\u00fadia,\u00a0<strong>ktor\u00fd z\u00edskal akademick\u00fd titul magister<\/strong>, m\u00f4\u017ee vykona\u0165 rigor\u00f3znu sk\u00fa\u0161ku, ktorej s\u00fa\u010das\u0165ou je aj obhajoba rigor\u00f3znej pr\u00e1ce v \u0161tudijnom odbore, v ktorom z\u00edskal vysoko\u0161kolsk\u00e9 vzdelanie alebo v pr\u00edbuznom \u0161tudijnom odbore. Po jej vykonan\u00ed im vysok\u00e9 \u0161koly ude\u013euj\u00fa akademick\u00fd titul.<\/p>\n<p>Rigor\u00f3znou sk\u00fa\u0161kou a obhajobou rigor\u00f3znej pr\u00e1ce, ktor\u00e1 je s\u00fa\u010das\u0165ou rigor\u00f3znej sk\u00fa\u0161ky, m\u00e1\u00a0<strong>uch\u00e1dza\u010d na z\u00e1klade samostatn\u00e9ho \u0161t\u00fadia preuk\u00e1za\u0165, \u017ee m\u00e1 v\u00a0\u0161tudijnom odbore hlb\u0161ie vedomosti v\u00a0jeho \u0161ir\u0161om z\u00e1klade a je sp\u00f4sobil\u00fd samostatne si osvojova\u0165 nov\u00e9 poznatky vedy a praxe<\/strong>; naviac je schopn\u00fd z\u00edskan\u00e9 vedomosti aplikova\u0165 tvoriv\u00fdm sp\u00f4sobom v\u00a0praxi.<\/p>\n<p><strong>Katedra mediamatiky a kult\u00farneho dedi\u010dstva uskuto\u010d\u0148uje rigor\u00f3znu sk\u00fa\u0161ku\u00a0v odbore:<\/strong><\/p>\n<ul>\n<li>Medi\u00e1lne a komunika\u010dn\u00e9 \u0161t\u00fadi\u00e1 (<strong>PhDr.<\/strong>)<\/li>\n<\/ul>\n<p><strong>PhDr.<\/strong>\u00a0\u2013 doktor filozofie, ude\u013euje sa v\u00a0spolo\u010densko\u00advedn\u00fdch, umenovedn\u00fdch a zdravotn\u00edckych \u0161tudijn\u00fdch programoch po rigor\u00f3znej sk\u00fa\u0161ke a obhajobe rigor\u00f3znej pr\u00e1ce, p\u00ed\u0161e sa pred menom,\u00a0<em>oslovenie: p\u00e1n doktor\/pani doktorka<\/em><\/p>\n<\/div><\/div><\/div><\/div><div class=\"wpb_column vc_column_container\"><div class=\"vc_column-inner\"><div class=\"w-iconbox us_custom_9caf2b62 iconpos_top style_default color_primary align_left\"><a href=\"https:\/\/kmkd.fhv.uniza.sk\/?page_id=499\" class=\"w-iconbox-link\" aria-label=\"Relevantn\u00e9 dokumenty\"><div class=\"w-iconbox-icon\" style=\"font-size:3rem;\"><i class=\"fal fa-file-pdf\"><\/i><\/div><\/a><div class=\"w-iconbox-meta\"><a href=\"https:\/\/kmkd.fhv.uniza.sk\/?page_id=499\" class=\"w-iconbox-link\" aria-label=\"Relevantn\u00e9 dokumenty\"><h6 class=\"w-iconbox-title\">Relevantn\u00e9 dokumenty<\/h6><\/a><div class=\"w-iconbox-text\"><ul>\n<li>Smernica o rigor\u00f3znych sk\u00fa\u0161kach<\/li>\n<li>Poplatky za rigor\u00f3zne sk\u00fa\u0161ky<\/li>\n<li>\u017diados\u0165 o vykonanie rigor\u00f3znej sk\u00fa\u0161ky<\/li>\n<li>Prihl\u00e1\u0161ka na rigor\u00f3znu sk\u00fa\u0161ku<\/li>\n<li>Vzor obalu rigor\u00f3znej pr\u00e1ce<\/li>\n<li>Vzor tituln\u00e9ho listu rigor\u00f3znej pr\u00e1ce<\/li>\n<li>Licen\u010dn\u00e1 zmluva o pou\u017eit\u00ed rigor\u00f3znej pr\u00e1ce<\/li>\n<li>\u010cestn\u00e9 vyhl\u00e1senie o vydan\u00ed rigor\u00f3znej pr\u00e1ce<\/li>\n<li>Z\u00e1znam o rigor\u00f3znej sk\u00fa\u0161ke<\/li>\n<li>Z\u00e1znam o opakovan\u00ed rigor\u00f3znej sk\u00fa\u0161ky<\/li>\n<li>Posudok oponenta rigor\u00f3znej pr\u00e1ce<\/li>\n<li>Licen\u010dn\u00e1 zmluva o pou\u017eit\u00ed posudku oponenta rigor\u00f3znej pr\u00e1ce<\/li>\n<\/ul>\n<\/div><\/div><\/div><\/div><\/div><\/div><\/div><\/div><\/div><\/div><\/section>\n","protected":false},"excerpt":{"rendered":"Rigor\u00f3zne \u0161t\u00fadium Absolvent \u0161tudijn\u00e9ho programu\u00a0mediamatika a kult\u00farne dedi\u010dstvo\u00a0a absolvent vysoko\u0161kolsk\u00e9ho \u0161t\u00fadia,\u00a0ktor\u00fd z\u00edskal akademick\u00fd titul magister, m\u00f4\u017ee vykona\u0165 rigor\u00f3znu sk\u00fa\u0161ku, ktorej s\u00fa\u010das\u0165ou je aj obhajoba rigor\u00f3znej pr\u00e1ce v \u0161tudijnom odbore, v...","protected":false},"author":2,"featured_media":0,"parent":0,"menu_order":0,"comment_status":"closed","ping_status":"closed","template":"","meta":{"footnotes":""},"class_list":["post-833","page","type-page","status-publish","hentry"],"acf":[],"_links":{"self":[{"href":"https:\/\/kmkd.fhv.uniza.sk\/index.php?rest_route=\/wp\/v2\/pages\/833","targetHints":{"allow":["GET"]}}],"collection":[{"href":"https:\/\/kmkd.fhv.uniza.sk\/index.php?rest_route=\/wp\/v2\/pages"}],"about":[{"href":"https:\/\/kmkd.fhv.uniza.sk\/index.php?rest_route=\/wp\/v2\/types\/page"}],"author":[{"embeddable":true,"href":"https:\/\/kmkd.fhv.uniza.sk\/index.php?rest_route=\/wp\/v2\/users\/2"}],"replies":[{"embeddable":true,"href":"https:\/\/kmkd.fhv.uniza.sk\/index.php?rest_route=%2Fwp%2Fv2%2Fcomments&post=833"}],"version-history":[{"count":6,"href":"https:\/\/kmkd.fhv.uniza.sk\/index.php?rest_route=\/wp\/v2\/pages\/833\/revisions"}],"predecessor-version":[{"id":2405,"href":"https:\/\/kmkd.fhv.uniza.sk\/index.php?rest_route=\/wp\/v2\/pages\/833\/revisions\/2405"}],"wp:attachment":[{"href":"https:\/\/kmkd.fhv.uniza.sk\/index.php?rest_route=%2Fwp%2Fv2%2Fmedia&parent=833"}],"curies":[{"name":"wp","href":"https:\/\/api.w.org\/{rel}","templated":true}]}}